 - 171. Let l(m) = -32*m**3 + m**2 - 2*m - 3. What is the remainder when o(-38) is divided by l(-1)?
29
Suppose 5*m - 2451 = -2261. Calculate the remainder when 265 is divided by m.
37
Suppose t - 66 = -3*v, -5*t = -0*v + 4*v - 374. Let u = t + -47. What is the remainder when 79 is divided by u?
17
Suppose -2*f = 0, -555 = -19*q + 20*q + 3*f. Let x = q - -579. What is the remainder when x is divided by 21?
3
What is the remainder when (-36*2/(-16))/(5/150) is divided by 34?
33
Let k(g) = -9*g + 2. Let z(c) be the third derivative of 7*c**4/12 + c**3/6 + 6*c**2. What is the remainder when z(4) is divided by k(-3)?
28
Suppose -233 = -3*g + 4*s, -4*s + s = -5*g + 392. What is the remainder when g is divided by 17 + -14 - -6 - -32?
38
Let p(i) = i**3 + 10*i**2 - 43*i - 43. Suppose -63 = -4*m + u, 2*m + 0*m = -3*u + 49. Calculate the remainder when m is divided by p(-13).
8
Suppose -25*b - 17*b + 15144 = -18*b. Calculate the remainder when b is divided by 124.
11
Suppose -6*h = -2*h + 80. What is the remainder when -3 + (2 - 1) - h is divided by (-26)/(-2) - (26 + -24 + 4)?
4
Let h(n) = -46*n - 2470. What is the remainder when h(-65) is divided by 23?
14
Let w(h) = 28*h + 399. Suppose 2*m + 26 = 4*m. Calculate the remainder when w(-13) is divided by m.
9
Suppose q + 2*q + 195 = 0. Let y = q + 95. Suppose 5*g + 2*k - 581 = 0, -354 = -3*g - 47*k + 44*k. What is the remainder when g is divided by y?
25
Let o = -826 - -1903. Calculate the remainder when o is divided by 23.
19
Let y(t) = 4*t**2 - 91*t + 197. Calculate the remainder when 3143 is divided by y(0).
188
Let p(x) be the first derivative of 2*x**2 + 2*x - 10. Let m be (60/21 - 2)*7. What is the remainder when 101 is divided by p(m)?
23
Let a = -2483 - -2515. Calculate the remainder when 219 is divided by a.
27
Let c(z) = 2*z**2 - 191*z + 113. What is the remainder when 3203 is divided by c(95)?
17
Let j(c) = 8*c + 17. Let f be j(0). Suppose -f - 67 = -12*q. Let o = 35 - q. Calculate the remainder when 81 is divided by o.
25
Let s = 227 + -224. Suppose 30 = 2*q - 3*d, -3*q - 15 = s*d - 90. Suppose 159 = -5*h + 434. What is the remainder when h is divided by q?
13
Suppose 71*p - 2288 = 63*p. Let h = 375 - p. Calculate the remainder when h is divided by 47.
42
Suppose -21 = -2*d - 3*r, -2*d + 2 = 2*r - 14. Let l(h) = 19 - 1 + 40*h + 6. What is the remainder when l(d) is divided by 29?
28
Let i(c) = -c**2 + 19*c + 153. Calculate the remainder when 2669 is divided by i(-6).
2
Let r be (-860)/(-40) + 3/6. Calculate the remainder when r/(-187) - ((-9728)/34 + 3) is divided by 96.
91
Suppose 3*l - 414 = -3*u - 0*u, 0 = 5*u + 4*l - 693. Suppose -142*b = -u*b - 16. Suppose 5*g - 14 - b = 0. What is the remainder when g is divided by 4?
2
Let w(p) = 113*p - 37. Let f be w(4). Let i = f + -349. What is the remainder when i is divided by 19?
9
Suppose 4*b = 3*q - 31 - 142, 4*q - 233 = 5*b. What is the remainder when 4080 is divided by q?
60
Let w(t) = 8*t**2 - 3*t. Let o be w(1). Suppose -3*q - y + 714 = -4*y, o*y = -15. What is the remainder when q is divided by 59?
58
Let z = 46 + 198. Let r = 265 - z. Suppose 5*g - 150 = 125. What is the remainder when g is divided by r?
13
Let j(v) = -39*v - 1703. What is the remainder when 6927 is divided by j(-44)?
11
Calculate the remainder when 317 + (2 + 0 - (-9 + 8)) is divided by 83.
71
Let t = -167 + 243. Let s = -74 + t. Suppose -s*x - 29 = -3*a - 5, 4*a - 5*x - 32 = 0. Calculate the remainder when a is divided by 5.
3
Let o = -36 - -71. Suppose 3*v + 5*g = g + 32, 3*v - o = -g. What is the remainder when v is divided by 4?
0
Let r(w) = 5*w**2 - 246*w + 325. What is the remainder when r(72) is divided by 44?
41
Let o = -139 - -137. Calculate the remainder when 41 is divided by o/(-8) - ((-129)/12 + -3).
13
Suppose 0 = 76*b - 72*b - 752. What is the remainder when b is divided by 132?
56
Calculate the remainder when ((-16)/(-24))/(-4 + 5 + 3290/(-3294)) is divided by 122.
61
Let k(r) = -16*r. Suppose -17279 = -169*u + 7733. What is the remainder when u is divided by k(-3)?
4
What is the remainder when (-2)/(-4) + (-352554)/(-603)*(-3)/(-4) is divided by 165?
109
Suppose -23*l + 28*l = 3*k + 378, -2*l - 3*k + 126 = 0. What is the remainder when l is divided by 8/6 - (-2)/((-18)/(-249))?
14
Let r = 275 - -182. Let f = 524 - r. What is the remainder when 667 is divided by f?
64
Let v = -380 - -527. Suppose 148*q = v*q + 158. Calculate the remainder when q is divided by 41.
35
Let h(o) be the third derivative of -5*o**4/8 - o**3 - 5*o**2 + 4. Calculate the remainder when 190 is divided by h(-2).
22
Let f = -192 + 97. Let h = f - -272. Suppose 4 = l, 0 = 3*j - 4*l + l - h. What is the remainder when j is divided by 33?
30
Suppose 0 = 5*f - 26*f - 21. Let v = -18 - -68. What is the remainder when v is divided by f/((-1)/(2*13/2))?
11
Suppose 0 = -d + 5*k + 323, -7*k = 4*d - 4*k - 1154. Calculate the remainder when 355 is divided by d.
62
Suppose 2*b = -10, 2*f + 2*f - 35 = -5*b. Suppose 2*x - 29 = -i, 0*i = 3*i - f. What is the remainder when x is divided by 12?
0
Suppose -667*z = -675*z + 4856. Let s = -360 + z. What is the remainder when s is divided by 63?
58
Let i be (-78)/2 + 1 - (10 + -12). Let y = i + 39. Suppose 0 = h + y, 5*h = -0*c - 4*c + 325. What is the remainder when c is divided by 22?
19
Suppose 6 = 2*a + 3*h - 0, -4*h + 8 = 5*a. Suppose 5*o = -5*w + 48 + 52, a = 5*o + 10. Calculate the remainder when 76 is divided by w.
10
Calculate the remainder when -1 + 47 - 0/4 is divided by ((-4)/(-3))/((-2)/288*-8).
22
Suppose 4*m - 3*c = 1996 - 241, -3*m - 4*c + 1310 = 0. What is the remainder when m is divided by 63?
60
Let u be (551/(-57))/(2/12*2). Let t(n) = n**3 + 27*n**2 - 60*n - 21. Calculate the remainder when 182 is divided by t(u).
34
Let h(s) = 4*s**2 + 15*s - 8. Let k be h(-5). Suppose 23*z - k = 121. What is the remainder when 11 is divided by z?
5
Suppose 0 = -3*x + s - 4*s - 333, -5*x = -4*s + 582. Let z = 74 - x. Calculate the remainder when z is divided by 19.
17
Let z = 2186 - 1005. What is the remainder when z is divided by 118?
1
Let k(y) = 16 + y + 1 - 3. Let d be k(-6). Suppose q + q = d, -o - q = -7. Calculate the remainder when 14 is divided by o.
2
Suppose 60 = -5*y - y. Let f be (y/15)/(4/6)*-2. Calculate the remainder when (1/f)/((-5)/(-1060)) is divided by 27.
25
Suppose j - 10*a + 13*a = 71, 0 = -5*j + a + 355. Suppose -4*z = -r + 5*r - 92, 3*z - j = -5*r. What is the remainder when z is divided by 12?
10
Suppose 0 = 3*j + 5*k - 204, 2*j - 12*k - 114 = -8*k. What is the remainder when 84 is divided by j?
21
Let k = -17618 + 17703. What is the remainder when 576 is divided by k?
66
Let l = 3700 + -3641. Calculate the remainder when 648 is divided by l.
58
Suppose -3077 - 4643 = -148*f + 1160. Calculate the remainder when 638 is divided by f.
38
Let o(l) = 2*l + 15. Let f be o(-9). Calculate the remainder when (-3 + 0)*(6 + -11) is divided by 4 - f/(9/6).
3
Suppose 5*h = 2*j - 6, -2*j - 5*h + 7 = 1. Let z be -1 - (-2 + j - 2). Suppose z*p = -3*p + 33. What is the remainder when 39 is divided by p?
6
Calculate the remainder when (-1)/(-2) - (1235290/(-180) + (-6)/(-27)) is divided by 156.
155
Suppose -2*n + 346 = f, -6*f + 4*n + 1632 = -f. Calculate the remainder when f is divided by 35.
17
Let f(n) = -n**3 + 21*n**2 - 45*n + 218. Calculate the remainder when 272 is divided by f(19).
17
Suppose 22*j - 10 = 24*j. Let v(u) = 4*u**2 - 3*u - 9. Let o be v(j). Suppose x - o = -44. What is the remainder when x is divided by 32?
30
Let w(a) = -a**2 - 25*a - 64. Let c be w(-22). Suppose c*n + 5 - 25 = -2*j, -15 = 3*j. Calculate the remainder when ((-57)/6)/((-1)/6) is divided by n.
12
Let y(o) = 2*o**3 + 38*o**2 + 32. Let u be y(-19). Suppose 28*q - u = 26*q. Calculate the remainder when 20*4*2/4 is divided by q.
8
Suppose -5*b + 537 = -7*d + 5*d, 102 = b + 5*d. Suppose 0 = f - 5*j - b, -j = 4*f - 0*j - 491. What is the remainder when f is divided by 18?
14
Suppose 0 = 5*x - 2*h - 0*h - 108, -2*h = -x + 28. What is the remainder when 304/570*60*3 is divided by x?
16
Let t(b) = -b**2 + 38*b + 2268. What is the remainder when 2771 is divided by t(-32)?
27
Let g = 2708 + -2702. Calculate the remainder when 13 - (36/3)/(-4) is divided by g.
